n 0/2 - (o + 22) is divided by 28?
22
Let d = -2 - -7. Suppose -3*f + d*f = 4*b + 2, -5*f + 38 = b. Let o(c) = c**3 + 8*c**2 + 11*c + 40. What is the remainder when o(-6) is divided by f?
4
Suppose 10*k + p = 6*k + 32, 0 = 3*k + p - 25. Suppose -5*c + 26 = r, 12 - k = -c. What is the remainder when r is divided by 19?
13
Calculate the remainder when 536 is divided by (12/(-24))/(3/54) - -96.
14
Suppose 6174 = 5*g + 2*t, 7*g - 12*t = -7*t + 8706. Calculate the remainder when g is divided by 54.
50
Let z(y) = -5*y - 36. Calculate the remainder when (5 - -353) + (6 - 10) is divided by z(-26).
72
Suppose 0*f - 125*f + 12598 = -11152. Calculate the remainder when f is divided by 10.
0
Let x(j) = 27*j**2 + 6*j - 2. Let a be x(-1). Suppose 4*l - 37 = -r, -2*r + l + 2*l = -a. What is the remainder when 145 is divided by r?
9
Suppose 41*g - 51*g + 630 = 0. Suppose -3*z = -3*o + 5 + 196, 0 = -o + 4*z + 70. Suppose -447 = -o*u + g*u. What is the remainder when u is divided by 50?
49
Suppose 5*y - 2*s + 0 = 2, 3*y - 5*s + 14 = 0. Suppose -y*b - 6*b + 296 = 0. What is the remainder when (-10)/(-20) - b/(-2) is divided by 7?
5
Suppose 3631 = 44*f - 329. Suppose f = 292*b - 283*b. Calculate the remainder when 317 is divided by b.
7
Suppose -10*a + 645 = 4805. Let r = a + 764. What is the remainder when r is divided by 25?
23
What is the remainder when 675 + 0 + 1 + (-10 - -14) is divided by 43?
35
Let a = -792 - -533. Let r = -253 - a. Let x = 21 + -12. What is the remainder when x is divided by r?
3
What is the remainder when 4638 is divided by (40/(-15) + 1)*-18 + -1?
27
Let m be -64 + 66 - (-2)/(2 + -1). Let q(z) = -6*z**2 + 37*z - 10. Calculate the remainder when 2495/15 + (-1)/3 is divided by q(m).
40
Let i = 456 + -432. Suppose -67*x = -i*x - 7439. What is the remainder when x is divided by 22?
19
Suppose 4*x = 3*b - 891, 166 = b - 4*x - 139. Suppose p + 270 = b. Calculate the remainder when p is divided by 15.
8
Suppose 45*k - 2755 = 16*k. Calculate the remainder when 231 is divided by k.
41
Let i = 7 - -51. Let o(k) = k**3 + 7*k**2 - 3*k - 11. Let d be ((-4)/4)/(7/49). Calculate the remainder when i is divided by o(d).
8
Let x = 12733 - 2550. Calculate the remainder when x is divided by 38.
37
Let c be 9637/5 - 2/20*-6. Suppose 7*q - 564 = c. What is the remainder when q is divided by 45?
41
Suppose 28*g + 4 + 164 = 0. Let w = -100 - -207. What is the remainder when w is divided by g - 2 - (-9 - 21)?
19
Suppose -2*g + 20025 = 5*w + 2071, 2*w = 2*g + 7162. Calculate the remainder when w is divided by 37.
36
Suppose -57*i + 14 = -55*i, 2*i - 128 = -u. Calculate the remainder when 290 is divided by u.
62
Suppose 9 = 5*h - 8*h. Let m(l) be the second derivative of l**5/20 + l**4/6 - 5*l**3/6 + 5*l**2/2 - l. What is the remainder when 63 is divided by m(h)?
8
Let y = -986 + 1100. What is the remainder when 218 is divided by y?
104
Suppose d = -3*n + 4771, 5*n + 14229 = 4*d - d. What is the remainder when d is divided by 41?
38
Let h = 342 - 173. Let l = -160 + h. Calculate the remainder when l is divided by 6.
3
Calculate the remainder when 184 is divided by 2 + 8 - 7192/(-62).
58
Suppose 5*j - 13 = -2*s, -3*j + 6 = -4*s - 7. Suppose 3*i = 6, -4*h + 482 = -3*i + 372. What is the remainder when h is divided by j?
2
Let z(b) = 36*b**2 - 12*b - 1. What is the remainder when z(6) is divided by (68/(-10))/(3*(-2)/90)?
101
Suppose -2*p - 4*r - 141 = 201, -10 = 2*r. Let v = 229 + p. Calculate the remainder when v is divided by 13.
3
Let q be (-53)/(-3) - (-3)/9. Let j = 35 - q. Calculate the remainder when ((-42)/11)/((-354)/2596) is divided by j.
11
Let o(q) = 23*q + 27. Suppose -8*u = -154 + 2. Let p be o(u). Calculate the remainder when 63 is divided by 27/(-189) + 3/(42/p).
30
Suppose 3*w - 10 = -16*n + 14*n, 3*w - 8 = -n. Let x(r) = 31*r**2 - 37*r + 76. Calculate the remainder when x(w) is divided by 118.
8
Suppose 0 = 6*a - 0*a - 384. Suppose -66 = -0*k - 3*k + 3*x, 2*x = -4*k + a. What is the remainder when 71 is divided by k?
17
Suppose 4*w = 5*g - 28, 2*w + 6 = 4*w. Suppose -3*u + u + g = 0. Calculate the remainder when 12 is divided by u.
0
Suppose -5*g = -f - 1254, 0 = -48*g + 54*g + 3*f - 1509. What is the remainder when g is divided by 23?
21
Let f(q) = -2*q**2 - 2*q + 2. Let n be f(-2). What is the remainder when -1046*(-3)/30 - n/5 is divided by 9?
6
Let w(m) = -m**2 + 44*m + 489. Calculate the remainder when (8/(-10))/(2/(-80)) is divided by w(-9).
8
Let p be (-4)/(-3)*(-6)/(-4). Suppose 239 = n - p*r, 2*n + n - r - 717 = 0. Let l(f) = 85*f - 4699. What is the remainder when n is divided by l(56)?
56
Suppose 7*c - c = 4*c. Suppose 3*h - 50 = -2*q + 5*h, c = -4*q + 5*h + 96. Let m(f) = 9*f - 5. What is the remainder when m(10) is divided by q?
27
Let j = -4060 - -6759. Calculate the remainder when j is divided by 36.
35
Let x be -4 - -1 - -7 - 1. Suppose 0 = c + x, -4*c = m + 3*m - 288. Calculate the remainder when m is divided by 20.
15
Suppose -3*v - 433 = 2*r - 7*r, 675 = -5*v - r. Let o = 154 + v. Calculate the remainder when 19 is divided by o.
1
Calculate the remainder when 323 is divided by 6 + (-14 - -22 - 192/(-3)).
11
Suppose 1410 + 1436 - 471 = 95*x. Calculate the remainder when 82 is divided by x.
7
Suppose -3*m + 6*m - 5472 = -16*m. Calculate the remainder when m is divided by 276.
12
Let r be (220/(-4))/(-11) - (-1 + -909). Suppose -6*w - 9*w + r = 0. Calculate the remainder when w is divided by 49.
12
Suppose -151 = -2*n - n - 4*w, -43 = -n - 5*w. Let k be 8*(-37)/2*(-8)/32. Let v = 48 - k. What is the remainder when n is divided by v?
9
Suppose j + n - 80 = 5*n, 0 = 2*j - 4*n - 140. Let k = 141 + -139. Suppose 46 = k*i + 14. Calculate the remainder when j is divided by i.
12
Let x(u) = 22*u - 7*u + 19 - 4*u - 9*u. Let s be x(-7). Suppose -5*t + 2*n - 41 = -174, 2*t - 30 = -s*n. Calculate the remainder when t is divided by 4.
1
Suppose a = 5*n - 1304, 93*a + 804 = 3*n + 96*a. Calculate the remainder when 379 is divided by n.
117
Let z(b) = -b**3 + 18*b**2 - 7*b - 11. Let q = 278 - 222. What is the remainder when z(5) is divided by q?
55
Suppose -3*a = -8*a + 1075. Suppose 12*k + 144 = 20*k. What is the remainder when a is divided by k?
17
Calculate the remainder when 13*(-4)/(-52)*12*23 is divided by 59.
40
Suppose -68*f + 2*f = -37*f - 2001. Calculate the remainder when f is divided by 67.
2
Suppose 2*v - 67 = 107. Let f(y) = 10*y - 92. What is the remainder when v is divided by f(10)?
7
Let p(v) = v + 10. Let u be p(-7). Suppose 3*g - 7 = -u*a + 8, 2*a + g - 6 = 0. Suppose -d + 37 = -a. What is the remainder when d is divided by 8?
6
Suppose 18*x - 307 - 941 + 114 = 0. Calculate the remainder when x is divided by 29.
5
Suppose 38*u = 15*u + 13*u + 9310. Calculate the remainder when u is divided by 156.
151
Suppose 24 = -4*r, 2*r + 1926 = 4*d + 698. What is the remainder when d is divided by 61?
60
Let k be ((-45)/(-10))/3*776/6. Suppose -q - 3*f - 2 = f, -q + 5*f = -34. Suppose -8*v = -q - k. Calculate the remainder when v is divided by 10.
6
Let h(n) = 4*n**2 - 75*n + 581. Calculate the remainder when 965 is divided by h(7).
209
Let a = 92 - 85. Suppose -3*m + 21 - 5 = 5*d, -a = -2*d - m. Calculate the remainder when 82 is divided by d.
2
Suppose 0 = 10*u + u + 220. Calculate the remainder when 39/(-130) - 766/u is divided by 24.
14
Suppose -2*t = -12*t + 30. Suppose -5*r + 2*z + 94 = -21, 0 = -4*r + t*z + 92. Calculate the remainder when 0*3/3 + r + 0 is divided by 9.
5
Suppose -20 = -5*t, -5*t = -4*w + 11 + 17. Calculate the remainder when 4546 is divided by w.
10
Suppose 0 = -2*c + 8, 3*c - 1460 = 186*p - 190*p. Calculate the remainder when 734 is divided by p.
10
Let i = 2391 + -2372. Calculate the remainder when 980 is divided by i.
11
Let o(g) be the first derivative of -5*g**2/2 - 43*g + 132. Let a(t) = -11*t + 3. Let j be a(2). Calculate the remainder when o(j) is divided by 18.
16
Suppose -3*u = c - 82, -4*c - 54 + 5 = -u. Suppose u = -50*t + 51*t. Let v = 295 - 153. What is the remainder when v is divided by t?
26
Let k(z) = 13*z**3 - 8*z**2 + 30*z + 41. Calculate the remainder when k(10) is divided by 32.
29
Let u(b) = 3*b**3 + 2 + 6*b + 7*b - 166*b**2 + 129*b**2 - 5. Suppose s = 6*s - 2*p - 259, p = s - 50. Calcu